{"id":10080,"date":"2022-08-17T03:50:59","date_gmt":"2022-08-17T03:50:59","guid":{"rendered":"https:\/\/portalr3.online\/?page_id=10080"},"modified":"2022-08-17T03:55:03","modified_gmt":"2022-08-17T03:55:03","slug":"sobre-nos","status":"publish","type":"page","link":"https:\/\/portalr3.online\/index.php\/sobre-nos\/","title":{"rendered":"Sobre N\u00f3s"},"content":{"rendered":"\n<p>Seja bem vindo ao nosso site. Aqui voc\u00ea encontrar\u00e1 diversas not\u00edcias do dia dia e tamb\u00e9m muitas novidades.<\/p>\n\n\n\n<p>Navegue a vontade em nosso site!<\/p>\n\n\n\n<p>Para mais informa\u00e7\u00f5es (laleixo.trabalho@gmail.com)<\/p>\n","protected":false},"excerpt":{"rendered":"<p>Seja bem vindo ao nosso site. Aqui voc\u00ea encontrar\u00e1 diversas not\u00edcias do dia dia e tamb\u00e9m muitas novidades. Navegue a<\/p>\n","protected":false},"author":1,"featured_media":0,"parent":0,"menu_order":0,"comment_status":"closed","ping_status":"closed","template":"","meta":{"colormag_page_container_layout":"default_layout","colormag_page_sidebar_layout":"default_layout","footnotes":""},"class_list":["post-10080","page","type-page","status-publish","hentry"],"aioseo_notices":[],"_links":{"self":[{"href":"https:\/\/portalr3.online\/index.php\/wp-json\/wp\/v2\/pages\/10080","targetHints":{"allow":["GET"]}}],"collection":[{"href":"https:\/\/portalr3.online\/index.php\/wp-json\/wp\/v2\/pages"}],"about":[{"href":"https:\/\/portalr3.online\/index.php\/wp-json\/wp\/v2\/types\/page"}],"author":[{"embeddable":true,"href":"https:\/\/portalr3.online\/index.php\/wp-json\/wp\/v2\/users\/1"}],"replies":[{"embeddable":true,"href":"https:\/\/portalr3.online\/index.php\/wp-json\/wp\/v2\/comments?post=10080"}],"version-history":[{"count":3,"href":"https:\/\/portalr3.online\/index.php\/wp-json\/wp\/v2\/pages\/10080\/revisions"}],"predecessor-version":[{"id":10084,"href":"https:\/\/portalr3.online\/index.php\/wp-json\/wp\/v2\/pages\/10080\/revisions\/10084"}],"wp:attachment":[{"href":"https:\/\/portalr3.online\/index.php\/wp-json\/wp\/v2\/media?parent=10080"}],"curies":[{"name":"wp","href":"https:\/\/api.w.org\/{rel}","templated":true}]}}